he hundred thousands digit of 3919136423?
1
What is the ten millions digit of 2487308415?
8
What is the units digit of 639961673?
3
What is the hundred thousands digit of 515008813?
0
What is the tens digit of 132396525?
2
What is the millions digit of 299048343?
9
What is the ten thousands digit of 127781184?
8
What is the ten millions digit of 658812408?
5
What is the millions digit of 175021247?
5
What is the units digit of 18764299?
9
What is the thousands digit of 1448669306?
9
What is the ten millions digit of 673078652?
7
What is the ten millions digit of 690781369?
9
What is the tens digit of 364977818?
1
What is the millions digit of 65600781?
5
What is the tens digit of 2383806575?
7
What is the ten millions digit of 19632328?
1
What is the hundred millions digit of 1481349337?
4
What is the thousands digit of 1071083900?
3
What is the units digit of 3379738566?
6
What is the millions digit of 210479906?
0
What is the units digit of 246500430?
0
What is the thousands digit of 7008589?
8
What is the ten millions digit of 114531217?
1
What is the units digit of 151009585?
5
What is the ten thousands digit of 53000832?
0
What is the millions digit of 12446669?
2
What is the thousands digit of 40500961?
0
What is the millions digit of 4044494392?
4
What is the hundred millions digit of 1338845302?
3
What is the ten thousands digit of 143834854?
3
What is the millions digit of 1097527240?
7
What is the hundred thousands digit of 406943076?
9
What is the hundred thousands digit of 23600724?
6
What is the hundred thousands digit of 975344872?
3
What is the billions digit of 4997558755?
4
What is the ten thousands digit of 509582994?
8
What is the tens digit of 76078584?
8
What is the tens digit of 4290056060?
6
What is the hundreds digit of 75814726?
7
What is the hundred millions digit of 175693731?
1
What is the millions digit of 138722450?
8
What is the hundred thousands digit of 36623826?
6
What is the ten millions digit of 955429316?
5
What is the units digit of 207644753?
3
What is the thousands digit of 681477776?
7
What is the hundred thousands digit of 15688821?
6
What is the millions digit of 21075294?
1
What is the ten millions digit of 116819778?
1
What is the units digit of 430106466?
6
What is the tens digit of 322974411?
1
What is the hundreds digit of 173212628?
6
What is the hundred millions digit of 1288261889?
2
What is the hundreds digit of 274770664?
6
What is the hundreds digit of 80370972?
9
What is the ten millions digit of 39296670?
3
What is the tens digit of 7133214?
1
What is the hundreds digit of 51506640?
6
What is the ten thousands digit of 2400172569?
7
What is the hundreds digit of 7210343617?
6
What is the hundred thousands digit of 248818651?
8
What is the tens digit of 1794701466?
6
What is the billions digit of 4055920817?
4
What is the ten millions digit of 1046921824?
4
What is the ten thousands digit of 246736723?
3
What is the units digit of 133817921?
1
What is the hundred millions digit of 136472155?
1
What is the units digit of 12799768?
8
What is the ten thousands digit of 384983609?
8
What is the hundreds digit of 952234205?
2
What is the hundred millions digit of 148096914?
1
What is the thousands digit of 54797639?
7
What is the ten millions digit of 93560311?
9
What is the hundred thousands digit of 338589708?
5
What is the millions digit of 1024887546?
4
What is the hundred thousands digit of 96096323?
0
What is the ten thousands digit of 1486353644?
5
What is the thousands digit of 59760603?
0
What is the millions digit of 139702618?
9
What is the ten thousands digit of 31388997?
8
What is the hundred millions digit of 1562442868?
5
What is the tens digit of 676757131?
3
What is the units digit of 21068625?
5
What is the millions digit of 144622532?
4
What is the ten millions digit of 422863486?
2
What is the hundred thousands digit of 1649142222?
1
What is the ten thousands digit of 98301075?
0
What is the units digit of 122585233?
3
What is the units digit of 1234662424?
4
What is the millions digit of 634573054?
4
What is the hundred thousands digit of 298370659?
3
What is the millions digit of 2070697755?
0
What is the hundreds digit of 6285279?
2
What is the units digit of 918283022?
2
What is the hundreds digit of 1842834080?
0
What is the hundred millions digit of 340798123?
3
What is the tens digit of 55220266?
6
What is the hundred thousands digit of 2660311397?
3
What is the millions digit of 161967421?
1
What is the ten millions digit of 2566688776?
6
What is the ten thousands digit of 883276403?
7
What is the millions digit of 151605662?
1
What is the hundreds digit of 1434337367?
3
What is the thousands digit of 95205255?
5
What is the tens digit of 198460383?
8
What is the hundreds digit of 512100991?
9
What is the ten thousands digit of 2860743?
6
What is the hundred millions digit of 598041858?
5
What is the units digit of 33603850?
0
What is the millions digit of 127385382?
7
What is the hundred thousands digit of 1326013?
3
What is the billions digit of 2825259598?
2
What is the hundreds digit of 625242370?
3
What is the thousands digit of 2459783?
9
What is the ten thousands digit of 223326070?
2
What is the units digit of 42548219?
9
What is the ten thousands digit of 49372227?
7
What is the millions digit of 233481167?
3
What is the hundred thousands digit of 697837380?
8
What is the millions digit of 79699163?
9
What is the tens digit of 88184003?
0
What is the hundreds digit of 58136026?
0
What is the tens digit of 147823970?
7
What is the millions digit of 407044050?
7
What is the hundreds digit of 43899787?
7
What is the thousands digit of 32539898?
9
What is the ten millions digit of 500623240?
0
What is the hundred millions digit of 1885074626?
8
What is the tens digit of 96439149?
4
What is the ten thousands digit of 273378820?
7
What is the hundred thousands digit of 2029248603?
2
What is the millions digit of 61786811?
1
What is the hundreds digit of 52993706?
7
What is the tens digit of 101288281?
8
What is the thousands digit of 581346034?
6
What is the hundred millions digit of 125887119?
1
What is the thousands digit of 59365248?
5
What is the tens digit of 64678629?
2
What is the ten thousands digit of 673757413?
5
What is the ten thousands digit of 26127507?
2
What is the billions digit of 2260500597?
2
What is the hundred thousands digit of 434165197?
1
What is the units digit of 181194977?
7
What is the hundred millions digit of 1040026384?
0
What is the millions digit of 48771849?
8
What is the hundreds digit of 245971597?
5
What is the hundred thousands digit of 852623417?
6
What is the ten thousands digit of 2838866575?
6
What is the ten millions digit of 654143074?
5
What is the units digit of 6271307?
7
What is the hundreds digit of 142652025?
0
What is the thousands digit of 15037614?
7
What is the ten thousands digit of 2499447451?
4
What is the hundred thousands digit of 264226944?
2
What is the units digit of 68344711?
1
What is the tens digit of 8943373?
7
What is the thousands digit of 1724346794?
6
What is the ten millions digit of 146498286?
4
What is the hundred thousands digit of 27630803?
6
What is the hundreds digit of 164493459?
4
What is the tens digit of 772389844?
4
What is the ten thousands digit of 1073657945?
5
What is the hundred millions digit of 983482272?
9
What is the millions digit of 474084984?
4
What is the hundreds digit of 5107313469?
4
What is the units digit of 69246033?
3
What is the millions digit of 129410068?
9
What is the millions digit of 217890709?
7
What is the tens digit of 3056115?
1
What is the ten millions digit of 26366897?
2
What is the thousands digit of 71758083?
8
What is the millions digit of 144868760?
4
What is the ten millions digit of 172076681?
7
What is the thousands digit of 87357585?
7
What is the millions digit of 896943550?
6
What is the tens digit of 1021049714?
1
What is the tens digit of 44221222?
2
What is the units digit of 545745794?
4
What is the hundreds digit of 1856594055?
0
What is the ten millions digit of 416510156?
1
What is the ten thousands digit of 40304531?
0
What is the ten thousands digit of 208084312?
8
What is the tens digit of 85728155?
5
What is the hundreds dig